{"id":84,"date":"2011-03-30T00:13:46","date_gmt":"2011-03-29T22:13:46","guid":{"rendered":"http:\/\/new.billys-reisen.de\/?page_id=84"},"modified":"2014-10-31T05:22:05","modified_gmt":"2014-10-31T04:22:05","slug":"westeuropa","status":"publish","type":"page","link":"http:\/\/billys-reisen.de\/?page_id=84","title":{"rendered":"Westeuropa"},"content":{"rendered":"<h4 class=\"head4\">Einzelne Berichte von Billy:<\/h4>\n<ul class=\"Sonst_artikel\">\n<li>\n<pre><a title=\"Trockenschwimmen in der Heimat\" href=\"http:\/\/billys-reisen.de\/?page_id=269\">\"Trockenschwimmen in der Heimat\"<\/a> (2008)<\/pre>\n<\/li>\n<\/ul>\n<h4 class=\"head4\">Bereiste L\u00e4nder und Regionen:<\/h4>\n<ul class=\"laender\">\n<li>D\u00e4nemark<\/li>\n<li>Frankreich<\/li>\n<li>Gro\u00dfbritannien<\/li>\n<li>Italien<\/li>\n<li>Korsika (Frankreich)<\/li>\n<li>Liechtenstein<\/li>\n<li>Monaco<\/li>\n<li>Norwegen<\/li>\n<li>\u00d6sterreich<\/li>\n<li>Polen<\/li>\n<li>San Marino<\/li>\n<li>Schweden<\/li>\n<li>Schweiz<\/li>\n<li>Slowakei<\/li>\n<li>Spanien<\/li>\n<li>Tschechien<\/li>\n<li>Vatikanstadt<\/li>\n<\/ul>\n<div id=\"attachment_2253\" style=\"width: 2602px\" class=\"wp-caption alignnone\"><a href=\"https:\/\/i0.wp.com\/billys-reisen.de\/wp-content\/uploads\/2011\/03\/IMG_3602.jpg\"><img data-recalc-dims=\"1\" loading=\"lazy\" decoding=\"async\" aria-describedby=\"caption-attachment-2253\" class=\"wp-image-2253 size-full\" src=\"https:\/\/i0.wp.com\/billys-reisen.de\/wp-content\/uploads\/2011\/03\/IMG_3602.jpg?resize=640%2C480\" alt=\"IMG_3602\" width=\"640\" height=\"480\" srcset=\"https:\/\/i0.wp.com\/billys-reisen.de\/wp-content\/uploads\/2011\/03\/IMG_3602.jpg?w=2592 2592w, https:\/\/i0.wp.com\/billys-reisen.de\/wp-content\/uploads\/2011\/03\/IMG_3602.jpg?resize=150%2C112 150w, https:\/\/i0.wp.com\/billys-reisen.de\/wp-content\/uploads\/2011\/03\/IMG_3602.jpg?resize=300%2C225 300w, https:\/\/i0.wp.com\/billys-reisen.de\/wp-content\/uploads\/2011\/03\/IMG_3602.jpg?resize=1024%2C768 1024w, https:\/\/i0.wp.com\/billys-reisen.de\/wp-content\/uploads\/2011\/03\/IMG_3602.jpg?w=1280 1280w, https:\/\/i0.wp.com\/billys-reisen.de\/wp-content\/uploads\/2011\/03\/IMG_3602.jpg?w=1920 1920w\" sizes=\"auto, (max-width: 640px) 100vw, 640px\" \/><\/a><p id=\"caption-attachment-2253\" class=\"wp-caption-text\">Wo geht\u00b4s denn hier nach irgendwo? Hilfreiche Passantin in der U-Bahn von Barcelona (2006)<\/p><\/div>\n","protected":false},"excerpt":{"rendered":"<p>Einzelne Berichte von Billy: &#8222;Trockenschwimmen in der Heimat&#8220; (2008) Bereiste L\u00e4nder und Regionen: D\u00e4nemark Frankreich Gro\u00dfbritannien Italien Korsika (Frankreich) Liechtenstein Monaco Norwegen \u00d6sterreich Polen San Marino Schweden Schweiz Slowakei Spanien Tschechien Vatikanstadt<\/p>\n","protected":false},"author":1,"featured_media":0,"parent":0,"menu_order":0,"comment_status":"closed","ping_status":"closed","template":"","meta":{"footnotes":""},"class_list":["post-84","page","type-page","status-publish","hentry"],"jetpack_sharing_enabled":true,"_links":{"self":[{"href":"http:\/\/billys-reisen.de\/index.php?rest_route=\/wp\/v2\/pages\/84","targetHints":{"allow":["GET"]}}],"collection":[{"href":"http:\/\/billys-reisen.de\/index.php?rest_route=\/wp\/v2\/pages"}],"about":[{"href":"http:\/\/billys-reisen.de\/index.php?rest_route=\/wp\/v2\/types\/page"}],"author":[{"embeddable":true,"href":"http:\/\/billys-reisen.de\/index.php?rest_route=\/wp\/v2\/users\/1"}],"replies":[{"embeddable":true,"href":"http:\/\/billys-reisen.de\/index.php?rest_route=%2Fwp%2Fv2%2Fcomments&post=84"}],"version-history":[{"count":10,"href":"http:\/\/billys-reisen.de\/index.php?rest_route=\/wp\/v2\/pages\/84\/revisions"}],"predecessor-version":[{"id":2254,"href":"http:\/\/billys-reisen.de\/index.php?rest_route=\/wp\/v2\/pages\/84\/revisions\/2254"}],"wp:attachment":[{"href":"http:\/\/billys-reisen.de\/index.php?rest_route=%2Fwp%2Fv2%2Fmedia&parent=84"}],"curies":[{"name":"wp","href":"https:\/\/api.w.org\/{rel}","templated":true}]}}