{"id":80,"date":"2011-03-30T00:13:19","date_gmt":"2011-03-29T22:13:19","guid":{"rendered":"http:\/\/new.billys-reisen.de\/?page_id=80"},"modified":"2022-07-18T00:07:22","modified_gmt":"2022-07-17T22:07:22","slug":"kanada","status":"publish","type":"page","link":"http:\/\/billys-reisen.de\/?page_id=80","title":{"rendered":"Ukraine"},"content":{"rendered":"<h4>Einzelne Berichte von Billy:<\/h4>\n<ul class=\"Sonst_artikel\">\n<li><a href=\"http:\/\/billys-reisen.de\/?p=2012\">Tod auf dem Maidan &#8211; Lichtstreif im Verschw\u00f6rungsnebel<\/a>\u00a0(2014)<\/li>\n<\/ul>\n<ul class=\"Sonst_artikel\">\n<li><a href=\"http:\/\/www.blauenarzisse.de\/index.php\/gesichtet\/item\/4875-ukrainisches-chaos\">\u201cUkrainisches Chaos\u201d \u2013 Direktgespr\u00e4ch Johannes Sch\u00fcller &amp; Billy Six bei \u201cBlaue Narzisse\u201d<\/a>\u00a0(11.09.2014)<\/li>\n<\/ul>\n<ul class=\"Sonst_artikel\">\n<li><a title=\"Tschernobyl \u2013 Eintritt in die Sperrzone\" href=\"http:\/\/billys-reisen.de\/?p=2361\">Tschernobyl:\u00a0&#8222;Von Godzilla keine Spur&#8220;<\/a>\u00a0(Oktober 2014)<\/li>\n<\/ul>\n<ul class=\"Sonst_artikel\">\n<li><a href=\"http:\/\/billys-reisen.de\/?p=2400\">Stalins langer Schatten\u00a0&#8211; auf der Suche nach den letzten Zeugen des Holodomor<\/a>\u00a0(2014\/15)<\/li>\n<\/ul>\n<ul class=\"Sonst_artikel\">\n<li><a href=\"http:\/\/billys-reisen.de\/?p=2425\">Streitfall Holodomor-Reportage: Nationalmuseum Kiew vs. Billy Six<\/a> (2015)<\/li>\n<\/ul>\n<ul class=\"Sonst_artikel\">\n<li><a title=\"Ukraine: \u201cSpurensuche in Kiew und Donezk\u201d (Sputnik Deutschland, 09.02.2015)\" href=\"http:\/\/billys-reisen.de\/?page_id=2337\">Interview: &#8222;Spurensuche in Kiew und Donezk&#8220;<\/a>\u00a0(09.02.2015)<\/li>\n<\/ul>\n<ul class=\"Sonst_artikel\">\n<li><a title=\"Vom EuroMaidan zum B\u00fcrgerkrieg \u2013 Berichte aus der Ukraine f\u00fcr die \u201cJunge Freiheit\u201d (2014)\" href=\"http:\/\/billys-reisen.de\/?page_id=1931\">Vom EuroMaidan zum B\u00fcrgerkrieg \u2013 Berichte aus der Ukraine f\u00fcr die \u201cJunge Freiheit\u201d<\/a>\u00a0(2014\/15)<\/li>\n<\/ul>\n<h4 style=\"text-align: left;\"><\/h4>\n<h4 class=\"head4\">Bereiste Regionen:<\/h4>\n<ul class=\"laender\">\n<li>Donezk<\/li>\n<li>Kherson<\/li>\n<li>Khmelnyzkyj<\/li>\n<li>Kiew<\/li>\n<li>Krim<\/li>\n<li>Lemberg<\/li>\n<li>Lugansk<\/li>\n<li>Lutsk<\/li>\n<li>Mykolajiw<\/li>\n<li>Odessa<\/li>\n<li>Riwne<\/li>\n<li>Schytomyr<\/li>\n<li>Ternopil<\/li>\n<li>Winnyzja<\/li>\n<\/ul>\n<div id=\"attachment_2304\" style=\"width: 3274px\" class=\"wp-caption alignnone\"><a href=\"https:\/\/i0.wp.com\/billys-reisen.de\/wp-content\/uploads\/2011\/03\/IMG_4700.jpg\"><img data-recalc-dims=\"1\" loading=\"lazy\" decoding=\"async\" aria-describedby=\"caption-attachment-2304\" class=\"wp-image-2304 size-full\" src=\"https:\/\/i0.wp.com\/billys-reisen.de\/wp-content\/uploads\/2011\/03\/IMG_4700.jpg?resize=640%2C480\" alt=\"IMG_4700\" width=\"640\" height=\"480\" srcset=\"https:\/\/i0.wp.com\/billys-reisen.de\/wp-content\/uploads\/2011\/03\/IMG_4700.jpg?w=3264 3264w, https:\/\/i0.wp.com\/billys-reisen.de\/wp-content\/uploads\/2011\/03\/IMG_4700.jpg?resize=150%2C112 150w, https:\/\/i0.wp.com\/billys-reisen.de\/wp-content\/uploads\/2011\/03\/IMG_4700.jpg?resize=300%2C225 300w, https:\/\/i0.wp.com\/billys-reisen.de\/wp-content\/uploads\/2011\/03\/IMG_4700.jpg?resize=1024%2C768 1024w, https:\/\/i0.wp.com\/billys-reisen.de\/wp-content\/uploads\/2011\/03\/IMG_4700.jpg?w=1280 1280w, https:\/\/i0.wp.com\/billys-reisen.de\/wp-content\/uploads\/2011\/03\/IMG_4700.jpg?w=1920 1920w\" sizes=\"auto, (max-width: 640px) 100vw, 640px\" \/><\/a><p id=\"caption-attachment-2304\" class=\"wp-caption-text\">Revolution in Orange 2.0?! &#8211; mit Aktivistinnen im besetzten Rathaus von Lemberg (Februar 2014)<\/p><\/div>\n<div id=\"attachment_3031\" style=\"width: 1034px\" class=\"wp-caption alignnone\"><img data-recalc-dims=\"1\" loading=\"lazy\" decoding=\"async\" aria-describedby=\"caption-attachment-3031\" class=\"wp-image-3031 size-full\" src=\"https:\/\/i0.wp.com\/billys-reisen.de\/wp-content\/uploads\/2022\/07\/Russen3.jpg?resize=640%2C462\" alt=\"\" width=\"640\" height=\"462\" srcset=\"https:\/\/i0.wp.com\/billys-reisen.de\/wp-content\/uploads\/2022\/07\/Russen3.jpg?w=1024 1024w, https:\/\/i0.wp.com\/billys-reisen.de\/wp-content\/uploads\/2022\/07\/Russen3.jpg?resize=300%2C217 300w, https:\/\/i0.wp.com\/billys-reisen.de\/wp-content\/uploads\/2022\/07\/Russen3.jpg?resize=150%2C108 150w, https:\/\/i0.wp.com\/billys-reisen.de\/wp-content\/uploads\/2022\/07\/Russen3.jpg?resize=768%2C554 768w\" sizes=\"auto, (max-width: 640px) 100vw, 640px\" \/><p id=\"caption-attachment-3031\" class=\"wp-caption-text\">Kosaken und russisches Milit\u00e4r als \u00dcberraschungs-Posten auf der Stra\u00dfe zur Krim (M\u00e4rz 2014)<\/p><\/div>\n<div id=\"attachment_3027\" style=\"width: 1030px\" class=\"wp-caption alignnone\"><img data-recalc-dims=\"1\" loading=\"lazy\" decoding=\"async\" aria-describedby=\"caption-attachment-3027\" class=\"wp-image-3027 size-full\" src=\"https:\/\/i0.wp.com\/billys-reisen.de\/wp-content\/uploads\/2022\/07\/Sepis-3.jpg?resize=640%2C481\" alt=\"\" width=\"640\" height=\"481\" srcset=\"https:\/\/i0.wp.com\/billys-reisen.de\/wp-content\/uploads\/2022\/07\/Sepis-3.jpg?w=1020 1020w, https:\/\/i0.wp.com\/billys-reisen.de\/wp-content\/uploads\/2022\/07\/Sepis-3.jpg?resize=300%2C225 300w, https:\/\/i0.wp.com\/billys-reisen.de\/wp-content\/uploads\/2022\/07\/Sepis-3.jpg?resize=150%2C113 150w, https:\/\/i0.wp.com\/billys-reisen.de\/wp-content\/uploads\/2022\/07\/Sepis-3.jpg?resize=768%2C577 768w\" sizes=\"auto, (max-width: 640px) 100vw, 640px\" \/><p id=\"caption-attachment-3027\" class=\"wp-caption-text\">Masken-Klamauk am Anti-Maidan &#8211; besetztes Oblast-Geb\u00e4ude von Donezk (April 2014)<\/p><\/div>\n<div id=\"attachment_2306\" style=\"width: 4618px\" class=\"wp-caption alignnone\"><a href=\"https:\/\/i0.wp.com\/billys-reisen.de\/wp-content\/uploads\/2011\/03\/IMG_9518.jpg\"><img data-recalc-dims=\"1\" loading=\"lazy\" decoding=\"async\" aria-describedby=\"caption-attachment-2306\" class=\"wp-image-2306 size-full\" src=\"https:\/\/i0.wp.com\/billys-reisen.de\/wp-content\/uploads\/2011\/03\/IMG_9518.jpg?resize=640%2C480\" alt=\"\" width=\"640\" height=\"480\" srcset=\"https:\/\/i0.wp.com\/billys-reisen.de\/wp-content\/uploads\/2011\/03\/IMG_9518.jpg?w=4608 4608w, https:\/\/i0.wp.com\/billys-reisen.de\/wp-content\/uploads\/2011\/03\/IMG_9518.jpg?resize=150%2C112 150w, https:\/\/i0.wp.com\/billys-reisen.de\/wp-content\/uploads\/2011\/03\/IMG_9518.jpg?resize=300%2C225 300w, https:\/\/i0.wp.com\/billys-reisen.de\/wp-content\/uploads\/2011\/03\/IMG_9518.jpg?resize=1024%2C768 1024w, https:\/\/i0.wp.com\/billys-reisen.de\/wp-content\/uploads\/2011\/03\/IMG_9518.jpg?w=1280 1280w, https:\/\/i0.wp.com\/billys-reisen.de\/wp-content\/uploads\/2011\/03\/IMG_9518.jpg?w=1920 1920w\" sizes=\"auto, (max-width: 640px) 100vw, 640px\" \/><\/a><p id=\"caption-attachment-2306\" class=\"wp-caption-text\">&#8222;Er hat seine Schuldigkeit getan&#8220; &#8211; Abriss des Kiewer Maidan (August 2014)<\/p><\/div>\n<div id=\"attachment_2307\" style=\"width: 4618px\" class=\"wp-caption alignnone\"><a href=\"https:\/\/i0.wp.com\/billys-reisen.de\/wp-content\/uploads\/2011\/03\/IMG_2112.jpg\"><img data-recalc-dims=\"1\" loading=\"lazy\" decoding=\"async\" aria-describedby=\"caption-attachment-2307\" class=\"size-full wp-image-2307\" src=\"https:\/\/i0.wp.com\/billys-reisen.de\/wp-content\/uploads\/2011\/03\/IMG_2112.jpg?resize=640%2C480\" alt=\"Am Abgrund der Dinge - Friedhof MH17 bei Grabowo (November 2014)\" width=\"640\" height=\"480\" srcset=\"https:\/\/i0.wp.com\/billys-reisen.de\/wp-content\/uploads\/2011\/03\/IMG_2112.jpg?w=4608 4608w, https:\/\/i0.wp.com\/billys-reisen.de\/wp-content\/uploads\/2011\/03\/IMG_2112.jpg?resize=150%2C112 150w, https:\/\/i0.wp.com\/billys-reisen.de\/wp-content\/uploads\/2011\/03\/IMG_2112.jpg?resize=300%2C225 300w, https:\/\/i0.wp.com\/billys-reisen.de\/wp-content\/uploads\/2011\/03\/IMG_2112.jpg?resize=1024%2C768 1024w, https:\/\/i0.wp.com\/billys-reisen.de\/wp-content\/uploads\/2011\/03\/IMG_2112.jpg?w=1280 1280w, https:\/\/i0.wp.com\/billys-reisen.de\/wp-content\/uploads\/2011\/03\/IMG_2112.jpg?w=1920 1920w\" sizes=\"auto, (max-width: 640px) 100vw, 640px\" \/><\/a><p id=\"caption-attachment-2307\" class=\"wp-caption-text\">Am Abgrund der Dinge &#8211; Friedhof MH17 bei Grabowo (November 2014)<\/p><\/div>\n","protected":false},"excerpt":{"rendered":"<p>Einzelne Berichte von Billy: Tod auf dem Maidan &#8211; Lichtstreif im Verschw\u00f6rungsnebel\u00a0(2014) \u201cUkrainisches Chaos\u201d \u2013 Direktgespr\u00e4ch Johannes Sch\u00fcller &amp; Billy Six bei \u201cBlaue Narzisse\u201d\u00a0(11.09.2014) Tschernobyl:\u00a0&#8222;Von Godzilla keine Spur&#8220;\u00a0(Oktober 2014) Stalins langer Schatten\u00a0&#8211; auf der Suche nach den letzten Zeugen des &hellip; <a href=\"http:\/\/billys-reisen.de\/?page_id=80\">Weiterlesen <span class=\"meta-nav\">&rarr;<\/span><\/a><\/p>\n","protected":false},"author":1,"featured_media":0,"parent":0,"menu_order":0,"comment_status":"closed","ping_status":"closed","template":"","meta":{"footnotes":""},"class_list":["post-80","page","type-page","status-publish","hentry"],"jetpack_sharing_enabled":true,"_links":{"self":[{"href":"http:\/\/billys-reisen.de\/index.php?rest_route=\/wp\/v2\/pages\/80","targetHints":{"allow":["GET"]}}],"collection":[{"href":"http:\/\/billys-reisen.de\/index.php?rest_route=\/wp\/v2\/pages"}],"about":[{"href":"http:\/\/billys-reisen.de\/index.php?rest_route=\/wp\/v2\/types\/page"}],"author":[{"embeddable":true,"href":"http:\/\/billys-reisen.de\/index.php?rest_route=\/wp\/v2\/users\/1"}],"replies":[{"embeddable":true,"href":"http:\/\/billys-reisen.de\/index.php?rest_route=%2Fwp%2Fv2%2Fcomments&post=80"}],"version-history":[{"count":26,"href":"http:\/\/billys-reisen.de\/index.php?rest_route=\/wp\/v2\/pages\/80\/revisions"}],"predecessor-version":[{"id":3035,"href":"http:\/\/billys-reisen.de\/index.php?rest_route=\/wp\/v2\/pages\/80\/revisions\/3035"}],"wp:attachment":[{"href":"http:\/\/billys-reisen.de\/index.php?rest_route=%2Fwp%2Fv2%2Fmedia&parent=80"}],"curies":[{"name":"wp","href":"https:\/\/api.w.org\/{rel}","templated":true}]}}