{"id":216,"date":"2012-02-10T06:42:27","date_gmt":"2012-02-10T05:42:27","guid":{"rendered":"http:\/\/new.billys-reisen.de\/?page_id=216"},"modified":"2022-05-12T22:18:52","modified_gmt":"2022-05-12T20:18:52","slug":"misratah","status":"publish","type":"page","link":"http:\/\/billys-reisen.de\/?page_id=216","title":{"rendered":"Ein Gru\u00df aus der H\u00f6lle &#8211; <br> Eindr\u00fccke aus dem umk\u00e4mpften Misratah"},"content":{"rendered":"<p><a href=\"http:\/\/billys-reisen.de\/?attachment_id=816\" rel=\"attachment wp-att-816\"><img data-recalc-dims=\"1\" loading=\"lazy\" decoding=\"async\" class=\"alignleft size-medium wp-image-816\" title=\"HPIM0070 - Brennende Schuhfabrik in Ghiran\" src=\"https:\/\/i0.wp.com\/billys-reisen.de\/wp-content\/uploads\/2012\/02\/HPIM0070-Brennende-Schuhfabrik-in-Ghiran.jpg?resize=300%2C223\" alt=\"\" width=\"300\" height=\"223\" srcset=\"https:\/\/i0.wp.com\/billys-reisen.de\/wp-content\/uploads\/2012\/02\/HPIM0070-Brennende-Schuhfabrik-in-Ghiran.jpg?resize=300%2C223 300w, https:\/\/i0.wp.com\/billys-reisen.de\/wp-content\/uploads\/2012\/02\/HPIM0070-Brennende-Schuhfabrik-in-Ghiran.jpg?resize=150%2C111 150w, https:\/\/i0.wp.com\/billys-reisen.de\/wp-content\/uploads\/2012\/02\/HPIM0070-Brennende-Schuhfabrik-in-Ghiran.jpg?resize=1024%2C763 1024w, https:\/\/i0.wp.com\/billys-reisen.de\/wp-content\/uploads\/2012\/02\/HPIM0070-Brennende-Schuhfabrik-in-Ghiran.jpg?w=1280 1280w, https:\/\/i0.wp.com\/billys-reisen.de\/wp-content\/uploads\/2012\/02\/HPIM0070-Brennende-Schuhfabrik-in-Ghiran.jpg?w=1920 1920w\" sizes=\"auto, (max-width: 300px) 100vw, 300px\" \/><\/a><strong>April\/Mai 2011: <\/strong>Apokalyptische Szenen. Wo fr\u00fcher eine belebte Innenstadt war, herrscht nun das Grauen. Es riecht nach Tod und Zerst\u00f6rung im Zentrum von Misratah. Die sechs Kilometer lange Tripolis-Strasse war einst der Gesch\u00e4fts-Boulevard der libyschen Mittelmeerstadt, die seit \u00fcber zwei Monaten von den Truppen des Machthabers Muammar al Gaddafi belagert wird. Jetzt sind die Geb\u00e4ude ausgebrannt, auf dem Asphalt liegen rauchende Tr\u00fcmmer. Einschussl\u00f6cher \u00fcberall. Die Geschichte des achtw\u00f6chigen \u00dcberlebenskampfes der 250.000 Einwohner gleicht einem Wunder &#8230; \u00dcber Nacht hatte sich am 20. Februar 2011 die einst allm\u00e4chtige Staatsmacht in Luft aufgel\u00f6st. Eine panische Reaktion auf die explosive Wut der Menschen? Sie h\u00e4tten friedlich demonstriert, sagen die Menschen &#8211; f\u00fcr Reformen, nicht f\u00fcr ein Ende des Regimes. In der Industrie-Vorzeige-Stadt gab es Viele, die Gaddafi nicht grunds\u00e4tzlich ablehnten. Mit der Ermordung ihrer Br\u00fcder habe sich alles ge\u00e4ndert. Als das Regime zur\u00fcckschlug, h\u00e4tten die Menschen nur Steine, St\u00f6cker und Messer zur Verteidigung. David gegen Goliath. Aber Glaube und Ortskenntnis standen offenbar auf ihrer Seite. Und das Gl\u00fcck, dass die Gaddafi-Streitmacht das Aufbegehren zu wenig ernst nahm. Statt eines Handstreichs fanden sie Tausende kampfbereiter B\u00fcrger vor, die ihnen die Waffen geradezu aus der Hand rissen. Je mehr sich die Lage zuspitzte, desto brutaler ging das Regime vor &#8211; zuletzt mit Panzern und Scharfsch\u00fctzen. Sie scheiterten am verzweifelten Todesmut der M\u00e4nner Misratahs. \u00dcber 1.000 Tote und 5.000 Verletzte seien bisher zu beklagen, hei\u00dft es aus den Krankenh\u00e4usern. Jedem M\u00e4rtyrer folgten drei neue kampfbereite M\u00e4nner, die in die Fussstapfen ihrer get\u00f6teten Angeh\u00f6rigen steigen. Und jedes weitere Opfer unter den Regierungstruppen in den Vororten wird mit neuen Raketenangriffen auf Wohngebiete beantwortet. In Libyen wird weiter gestorben.<\/p>\n<p><img data-recalc-dims=\"1\" loading=\"lazy\" decoding=\"async\" class=\"aligncenter size-full wp-image-217\" title=\"BillyPanzer\" src=\"https:\/\/i0.wp.com\/billys-reisen.de\/wp-content\/uploads\/2012\/02\/BillyPanzer.jpg?resize=600%2C447\" alt=\"\" width=\"600\" height=\"447\" srcset=\"https:\/\/i0.wp.com\/billys-reisen.de\/wp-content\/uploads\/2012\/02\/BillyPanzer.jpg?w=600 600w, https:\/\/i0.wp.com\/billys-reisen.de\/wp-content\/uploads\/2012\/02\/BillyPanzer.jpg?resize=300%2C223 300w\" sizes=\"auto, (max-width: 600px) 100vw, 600px\" \/><\/p>\n<p>&nbsp;<\/p>\n","protected":false},"excerpt":{"rendered":"<p>April\/Mai 2011: Apokalyptische Szenen. Wo fr\u00fcher eine belebte Innenstadt war, herrscht nun das Grauen. Es riecht nach Tod und Zerst\u00f6rung im Zentrum von Misratah. Die sechs Kilometer lange Tripolis-Strasse war einst der Gesch\u00e4fts-Boulevard der libyschen Mittelmeerstadt, die seit \u00fcber zwei &hellip; <a href=\"http:\/\/billys-reisen.de\/?page_id=216\">Weiterlesen <span class=\"meta-nav\">&rarr;<\/span><\/a><\/p>\n","protected":false},"author":1,"featured_media":0,"parent":175,"menu_order":0,"comment_status":"open","ping_status":"closed","template":"","meta":{"footnotes":""},"class_list":["post-216","page","type-page","status-publish","hentry"],"jetpack_sharing_enabled":true,"_links":{"self":[{"href":"http:\/\/billys-reisen.de\/index.php?rest_route=\/wp\/v2\/pages\/216","targetHints":{"allow":["GET"]}}],"collection":[{"href":"http:\/\/billys-reisen.de\/index.php?rest_route=\/wp\/v2\/pages"}],"about":[{"href":"http:\/\/billys-reisen.de\/index.php?rest_route=\/wp\/v2\/types\/page"}],"author":[{"embeddable":true,"href":"http:\/\/billys-reisen.de\/index.php?rest_route=\/wp\/v2\/users\/1"}],"replies":[{"embeddable":true,"href":"http:\/\/billys-reisen.de\/index.php?rest_route=%2Fwp%2Fv2%2Fcomments&post=216"}],"version-history":[{"count":11,"href":"http:\/\/billys-reisen.de\/index.php?rest_route=\/wp\/v2\/pages\/216\/revisions"}],"predecessor-version":[{"id":2979,"href":"http:\/\/billys-reisen.de\/index.php?rest_route=\/wp\/v2\/pages\/216\/revisions\/2979"}],"up":[{"embeddable":true,"href":"http:\/\/billys-reisen.de\/index.php?rest_route=\/wp\/v2\/pages\/175"}],"wp:attachment":[{"href":"http:\/\/billys-reisen.de\/index.php?rest_route=%2Fwp%2Fv2%2Fmedia&parent=216"}],"curies":[{"name":"wp","href":"https:\/\/api.w.org\/{rel}","templated":true}]}}