{"id":2112,"date":"2014-09-14T05:20:39","date_gmt":"2014-09-14T04:20:39","guid":{"rendered":"http:\/\/billys-reisen.de\/?page_id=2112"},"modified":"2014-09-22T22:18:48","modified_gmt":"2014-09-22T21:18:48","slug":"epilog-die-paschinsky-verschwoerung","status":"publish","type":"page","link":"http:\/\/billys-reisen.de\/?page_id=2112","title":{"rendered":"Epilog: Die &#8222;Paschinsky-Verschw\u00f6rung&#8220;"},"content":{"rendered":"<p>Viel gesagt &#8230; und doch niemals genug.<\/p>\n<p>Eine der kuriosen Maidan-Geschichten soll nicht unter den Tisch fallen &#8230;<\/p>\n<p>Mitten im Chaos der ukrainischen Revolution ver\u00f6ffentlichen russische Fernsehsender ein Video, dass den Rada-Abgeordneten Sergej Paschinsky von Julia Timoschenkos &#8222;Vaterlandspartei&#8220; zeigt &#8211; mit einem &#8222;Scharfsch\u00fctzengewehr&#8220; im Kofferraum (!!!) &#8230;<\/p>\n<p>&nbsp;<\/p>\n<p>https:\/\/www.youtube.com\/watch?v=kl6RUgAMaiA<\/p>\n<p>( \u00a0&#8211;&gt;\u00a0<span style=\"color: #0000ff;\">https:\/\/www.youtube.com\/watch?v=kl6RUgAMaiA<\/span> )<\/p>\n<p>&nbsp;<\/p>\n<p>Dass der Mann nach Janukowitschs Sturz zum gesch\u00e4ftsf\u00fchrenden Leiter der Pr\u00e4sidialamtes wurde &#8230; das heizte die Spekulationen weiter an. Motto: &#8222;Geh\u00f6rt er zu den Todes-Sch\u00fctzen, den Verschw\u00f6rern?!&#8220; Es war schon komisch, dass Paschinsky\u00a0jeder Nachfrage dazu aus dem Weg ging.<\/p>\n<p>Um diese Waffe handelte es sich: \u00a0 \u00a0 \u00a0 \u00a0 \u00a0 \u00a0 \u00a0 \u00a0 \u00a0 \u00a0 \u00a0 \u00a0 \u00a0 \u00a0 \u00a0 \u00a0 \u00a0 \u00a0 \u00a0 \u00a0 \u00a0 \u00a0 \u00a0 \u00a0 \u00a0 \u00a0 \u00a0 \u00a0 \u00a0 \u00a0 \u00a0 \u00a0 \u00a0&#8211;&gt;\u00a0<span style=\"color: #0000ff;\">http:\/\/en.wikipedia.org\/wiki\/AR-15<\/span><\/p>\n<p>Und doch &#8230; zu schnelles Plappern w\u00e4re mal wieder ein Treten ins Fettn\u00e4pfchen gewesen. Milit\u00e4rexperte Carsten Bothe weist mich darauf hin: Prominente haben bewaffnete Personensch\u00fctzer, gerade in unsicheren Gebieten. Wird\u00a0der Wagen des Klienten\u00a0angegriffen, sodass er fliehen muss, so kann einer der Begleiter Feuerschutz f\u00fcr die Evakuierung aufbieten. Es handele sich um eine &#8222;low profile&#8220;-Operation &#8230; klar, dass keiner dar\u00fcber reden will.<\/p>\n<p>Von einer wilden Menge der eigenen Maidan-Freunde umstellt gewesen zu sein, ist wohl als bittere Ironie zu sehen &#8230; und als Weckruf f\u00fcr alle allzu schnell &#8222;Verschw\u00f6rungs-Gl\u00e4ubigen&#8220;, lieber zweimal hinzugucken &#8230;<\/p>\n<p>&nbsp;<\/p>\n<p>&nbsp;<\/p>\n","protected":false},"excerpt":{"rendered":"<p>Viel gesagt &#8230; und doch niemals genug. Eine der kuriosen Maidan-Geschichten soll nicht unter den Tisch fallen &#8230; Mitten im Chaos der ukrainischen Revolution ver\u00f6ffentlichen russische Fernsehsender ein Video, dass den Rada-Abgeordneten Sergej Paschinsky von Julia Timoschenkos &#8222;Vaterlandspartei&#8220; zeigt &#8211; &hellip; <a href=\"http:\/\/billys-reisen.de\/?page_id=2112\">Weiterlesen <span class=\"meta-nav\">&rarr;<\/span><\/a><\/p>\n","protected":false},"author":2,"featured_media":0,"parent":0,"menu_order":0,"comment_status":"closed","ping_status":"closed","template":"","meta":{"footnotes":""},"class_list":["post-2112","page","type-page","status-publish","hentry"],"jetpack_sharing_enabled":true,"_links":{"self":[{"href":"http:\/\/billys-reisen.de\/index.php?rest_route=\/wp\/v2\/pages\/2112","targetHints":{"allow":["GET"]}}],"collection":[{"href":"http:\/\/billys-reisen.de\/index.php?rest_route=\/wp\/v2\/pages"}],"about":[{"href":"http:\/\/billys-reisen.de\/index.php?rest_route=\/wp\/v2\/types\/page"}],"author":[{"embeddable":true,"href":"http:\/\/billys-reisen.de\/index.php?rest_route=\/wp\/v2\/users\/2"}],"replies":[{"embeddable":true,"href":"http:\/\/billys-reisen.de\/index.php?rest_route=%2Fwp%2Fv2%2Fcomments&post=2112"}],"version-history":[{"count":8,"href":"http:\/\/billys-reisen.de\/index.php?rest_route=\/wp\/v2\/pages\/2112\/revisions"}],"predecessor-version":[{"id":2160,"href":"http:\/\/billys-reisen.de\/index.php?rest_route=\/wp\/v2\/pages\/2112\/revisions\/2160"}],"wp:attachment":[{"href":"http:\/\/billys-reisen.de\/index.php?rest_route=%2Fwp%2Fv2%2Fmedia&parent=2112"}],"curies":[{"name":"wp","href":"https:\/\/api.w.org\/{rel}","templated":true}]}}

Epilog: Die &#8222;Paschinsky-Verschwörung&#8220;

<p>Viel gesagt &#8230; und doch niemals genug.</p>
<p>Eine der kuriosen Maidan-Geschichten soll nicht unter den Tisch fallen &#8230;</p>
<p>Mitten im Chaos der ukrainischen Revolution veröffentlichen russische Fernsehsender ein Video, dass den Rada-Abgeordneten Sergej Paschinsky von Julia Timoschenkos &#8222;Vaterlandspartei&#8220; zeigt &#8211; mit einem &#8222;Scharfschützengewehr&#8220; im Kofferraum (!!!) &#8230;</p>
<p>&nbsp;</p>
<p>https://www.youtube.com/watch?v=kl6RUgAMaiA</p>
<p>(  &#8211;&gt; <span style="color: #0000ff;">https://www.youtube.com/watch?v=kl6RUgAMaiA</span> )</p>
<p>&nbsp;</p>
<p>Dass der Mann nach Janukowitschs Sturz zum geschäftsführenden Leiter der Präsidialamtes wurde &#8230; das heizte die Spekulationen weiter an. Motto: &#8222;Gehört er zu den Todes-Schützen, den Verschwörern?!&#8220; Es war schon komisch, dass Paschinsky jeder Nachfrage dazu aus dem Weg ging.</p>
<p>Um diese Waffe handelte es sich:                                                                  &#8211;&gt; <span style="color: #0000ff;">http://en.wikipedia.org/wiki/AR-15</span></p>
<p>Und doch &#8230; zu schnelles Plappern wäre mal wieder ein Treten ins Fettnäpfchen gewesen. Militärexperte Carsten Bothe weist mich darauf hin: Prominente haben bewaffnete Personenschützer, gerade in unsicheren Gebieten. Wird der Wagen des Klienten angegriffen, sodass er fliehen muss, so kann einer der Begleiter Feuerschutz für die Evakuierung aufbieten. Es handele sich um eine &#8222;low profile&#8220;-Operation &#8230; klar, dass keiner darüber reden will.</p>
<p>Von einer wilden Menge der eigenen Maidan-Freunde umstellt gewesen zu sein, ist wohl als bittere Ironie zu sehen &#8230; und als Weckruf für alle allzu schnell &#8222;Verschwörungs-Gläubigen&#8220;, lieber zweimal hinzugucken &#8230;</p>
<p>&nbsp;</p>
<p>&nbsp;</p>

<p>Viel gesagt &#8230; und doch niemals genug. Eine der kuriosen Maidan-Geschichten soll nicht unter den Tisch fallen &#8230; Mitten im Chaos der ukrainischen Revolution veröffentlichen russische Fernsehsender ein Video, dass den Rada-Abgeordneten Sergej Paschinsky von Julia Timoschenkos &#8222;Vaterlandspartei&#8220; zeigt &#8211; &hellip; <a href="http://billys-reisen.de/?page_id=2112">Weiterlesen <span class="meta-nav">&rarr;</span></a></p>
