{"id":1463,"date":"2012-07-02T01:21:14","date_gmt":"2012-07-02T00:21:14","guid":{"rendered":"http:\/\/billys-reisen.de\/?page_id=1463"},"modified":"2012-07-02T01:34:32","modified_gmt":"2012-07-02T00:34:32","slug":"libyen-krieg-2011-im-srb","status":"publish","type":"page","link":"http:\/\/billys-reisen.de\/?page_id=1463","title":{"rendered":"Libyen-Krieg 2011 im &#8222;SRB&#8220;"},"content":{"rendered":"<p><a title=\"\u201cDas Ende eines Albtraums\u201d (18.06.2011)\" href=\"http:\/\/billys-reisen.de\/?page_id=1465\">&#8222;Das Ende eines Albtraums&#8220; (18.06.2011)<\/a><\/p>\n<p><a title=\"\u201cDas \u00fcberlebst Du nicht!\u201d (10.09.2011)\" href=\"http:\/\/billys-reisen.de\/?page_id=1471\">&#8222;Das \u00fcberlebst Du nicht!&#8220; (10.09.2011)<\/a><\/p>\n<p><a title=\"\u201cSchattenm\u00e4nner in der W\u00fcste\u201d (01.10.2011)\" href=\"http:\/\/billys-reisen.de\/?page_id=1476\">&#8222;Schattenm\u00e4nner in der W\u00fcste&#8220; (01.10.2011)<\/a><\/p>\n<p><a title=\"\u201cSchwarze Perlen in der W\u00fcste\u201d (15.10.2011)\" href=\"http:\/\/billys-reisen.de\/?page_id=1480\">&#8222;Schwarze Perlen in der W\u00fcste&#8220; (15.10.2011)<\/a><\/p>\n<p><a title=\"\u201cEurop\u00e4ische Sicherheit \u2013 auf Sand gebaut\u201d (29.10.2011)\" href=\"http:\/\/billys-reisen.de\/?page_id=1484\">&#8222;Europ\u00e4ische Sicherheit &#8211; auf Sand gebaut&#8220; (29.10.2011)<\/a><\/p>\n<p><a title=\"\u201cLibyens vergrabener Schatz \u2013 ein Kriegsgrund?\u201d (12.11.2011)\" href=\"http:\/\/billys-reisen.de\/?page_id=1487\">&#8222;Libyens vergrabener Schatz &#8211; ein Kriegsgrund?&#8220; (12.11.2011)<\/a><\/p>\n","protected":false},"excerpt":{"rendered":"<p>&#8222;Das Ende eines Albtraums&#8220; (18.06.2011) &#8222;Das \u00fcberlebst Du nicht!&#8220; (10.09.2011) &#8222;Schattenm\u00e4nner in der W\u00fcste&#8220; (01.10.2011) &#8222;Schwarze Perlen in der W\u00fcste&#8220; (15.10.2011) &#8222;Europ\u00e4ische Sicherheit &#8211; auf Sand gebaut&#8220; (29.10.2011) &#8222;Libyens vergrabener Schatz &#8211; ein Kriegsgrund?&#8220; (12.11.2011)<\/p>\n","protected":false},"author":2,"featured_media":0,"parent":0,"menu_order":0,"comment_status":"closed","ping_status":"closed","template":"","meta":{"footnotes":""},"class_list":["post-1463","page","type-page","status-publish","hentry"],"jetpack_sharing_enabled":true,"_links":{"self":[{"href":"http:\/\/billys-reisen.de\/index.php?rest_route=\/wp\/v2\/pages\/1463","targetHints":{"allow":["GET"]}}],"collection":[{"href":"http:\/\/billys-reisen.de\/index.php?rest_route=\/wp\/v2\/pages"}],"about":[{"href":"http:\/\/billys-reisen.de\/index.php?rest_route=\/wp\/v2\/types\/page"}],"author":[{"embeddable":true,"href":"http:\/\/billys-reisen.de\/index.php?rest_route=\/wp\/v2\/users\/2"}],"replies":[{"embeddable":true,"href":"http:\/\/billys-reisen.de\/index.php?rest_route=%2Fwp%2Fv2%2Fcomments&post=1463"}],"version-history":[{"count":7,"href":"http:\/\/billys-reisen.de\/index.php?rest_route=\/wp\/v2\/pages\/1463\/revisions"}],"predecessor-version":[{"id":1472,"href":"http:\/\/billys-reisen.de\/index.php?rest_route=\/wp\/v2\/pages\/1463\/revisions\/1472"}],"wp:attachment":[{"href":"http:\/\/billys-reisen.de\/index.php?rest_route=%2Fwp%2Fv2%2Fmedia&parent=1463"}],"curies":[{"name":"wp","href":"https:\/\/api.w.org\/{rel}","templated":true}]}}