{"id":1110,"date":"2012-07-01T02:24:20","date_gmt":"2012-07-01T01:24:20","guid":{"rendered":"http:\/\/billys-reisen.de\/?page_id=1110"},"modified":"2012-07-01T02:36:52","modified_gmt":"2012-07-01T01:36:52","slug":"als-holzfaller-in-wittenberg-juni-2012","status":"publish","type":"page","link":"http:\/\/billys-reisen.de\/?page_id=1110","title":{"rendered":"Als Holzf\u00e4ller auf Luthers Spuren (Wittenberg im Juni 2012)"},"content":{"rendered":"<p>Kann das noch Zufall sein? &#8230; Erst gehe ich viel zu sp\u00e4t los &#8230; und dann kommt ein gewisser Christoph H\u00f6lzel nachts nur deshalb auf den Rasthof Fl\u00e4ming, um einen Kaffee zu kaufen &#8230; den braucht er nicht mehr, nachdem er von Billy zugequatscht worden ist &#8230; stattdessen f\u00e4hrt der Billy gleich mit zur Familie H\u00f6lzel nach Wittenberg &#8230; Erst recht ein Wunder, schlie\u00dflich werden in Deutschland &#8222;Penner&#8220; selbst bei Tage nicht mit nach hause genommen. \ud83d\ude42<\/p>\n<p><span style=\"text-decoration: underline;\">Der Name ist hier Programm<\/span>: Papa H\u00f6lzel ist selbstst\u00e4ndiger Holzf\u00e4ller &#8230; mit einer lustigen &#8222;Ossi&#8220;-Truppe. Da macht die Baum-Zerlegung gleich viel mehr Spa\u00df &#8230; trotz Sommer-Hitze.<\/p>\n<p>Ansonsten &#8230; 9 Kinder &#8230; ein gro\u00dfer Hof &#8230; und eben eine &#8222;schrecklich nette&#8220; Familie, die sich noch nicht vom System hat schlucken lassen. Weiter so!<\/p>\n<div id=\"attachment_1111\" style=\"width: 650px\" class=\"wp-caption aligncenter\"><a href=\"http:\/\/billys-reisen.de\/?attachment_id=1111\" rel=\"attachment wp-att-1111\"><img data-recalc-dims=\"1\" loading=\"lazy\" decoding=\"async\" aria-describedby=\"caption-attachment-1111\" class=\"size-large wp-image-1111\" title=\"DSCI0020\" src=\"https:\/\/i0.wp.com\/billys-reisen.de\/wp-content\/uploads\/2012\/07\/DSCI0020.jpg?resize=640%2C480\" alt=\"\" width=\"640\" height=\"480\" srcset=\"https:\/\/i0.wp.com\/billys-reisen.de\/wp-content\/uploads\/2012\/07\/DSCI0020.jpg?resize=1024%2C768 1024w, https:\/\/i0.wp.com\/billys-reisen.de\/wp-content\/uploads\/2012\/07\/DSCI0020.jpg?resize=150%2C112 150w, https:\/\/i0.wp.com\/billys-reisen.de\/wp-content\/uploads\/2012\/07\/DSCI0020.jpg?resize=300%2C225 300w, https:\/\/i0.wp.com\/billys-reisen.de\/wp-content\/uploads\/2012\/07\/DSCI0020.jpg?w=1280 1280w, https:\/\/i0.wp.com\/billys-reisen.de\/wp-content\/uploads\/2012\/07\/DSCI0020.jpg?w=1920 1920w\" sizes=\"auto, (max-width: 640px) 100vw, 640px\" \/><\/a><p id=\"caption-attachment-1111\" class=\"wp-caption-text\">Im Einsatz (18.06.2012)<\/p><\/div>\n<div id=\"attachment_1104\" style=\"width: 650px\" class=\"wp-caption aligncenter\"><a href=\"http:\/\/billys-reisen.de\/?attachment_id=1104\" rel=\"attachment wp-att-1104\"><img data-recalc-dims=\"1\" loading=\"lazy\" decoding=\"async\" aria-describedby=\"caption-attachment-1104\" class=\"size-large wp-image-1104\" title=\"DSCI0008\" src=\"https:\/\/i0.wp.com\/billys-reisen.de\/wp-content\/uploads\/2012\/07\/DSCI0008.jpg?resize=640%2C480\" alt=\"\" width=\"640\" height=\"480\" srcset=\"https:\/\/i0.wp.com\/billys-reisen.de\/wp-content\/uploads\/2012\/07\/DSCI0008.jpg?resize=1024%2C768 1024w, https:\/\/i0.wp.com\/billys-reisen.de\/wp-content\/uploads\/2012\/07\/DSCI0008.jpg?resize=150%2C112 150w, https:\/\/i0.wp.com\/billys-reisen.de\/wp-content\/uploads\/2012\/07\/DSCI0008.jpg?resize=300%2C225 300w, https:\/\/i0.wp.com\/billys-reisen.de\/wp-content\/uploads\/2012\/07\/DSCI0008.jpg?w=1280 1280w, https:\/\/i0.wp.com\/billys-reisen.de\/wp-content\/uploads\/2012\/07\/DSCI0008.jpg?w=1920 1920w\" sizes=\"auto, (max-width: 640px) 100vw, 640px\" \/><\/a><p id=\"caption-attachment-1104\" class=\"wp-caption-text\">Alle unter einem Dach (17.06.2012)<\/p><\/div>\n<div id=\"attachment_1115\" style=\"width: 650px\" class=\"wp-caption aligncenter\"><a href=\"http:\/\/billys-reisen.de\/?attachment_id=1115\" rel=\"attachment wp-att-1115\"><img data-recalc-dims=\"1\" loading=\"lazy\" decoding=\"async\" aria-describedby=\"caption-attachment-1115\" class=\"size-large wp-image-1115\" title=\"DSCI0023\" src=\"https:\/\/i0.wp.com\/billys-reisen.de\/wp-content\/uploads\/2012\/07\/DSCI0023.jpg?resize=640%2C480\" alt=\"\" width=\"640\" height=\"480\" srcset=\"https:\/\/i0.wp.com\/billys-reisen.de\/wp-content\/uploads\/2012\/07\/DSCI0023.jpg?resize=1024%2C768 1024w, https:\/\/i0.wp.com\/billys-reisen.de\/wp-content\/uploads\/2012\/07\/DSCI0023.jpg?resize=150%2C112 150w, https:\/\/i0.wp.com\/billys-reisen.de\/wp-content\/uploads\/2012\/07\/DSCI0023.jpg?resize=300%2C225 300w, https:\/\/i0.wp.com\/billys-reisen.de\/wp-content\/uploads\/2012\/07\/DSCI0023.jpg?w=1280 1280w, https:\/\/i0.wp.com\/billys-reisen.de\/wp-content\/uploads\/2012\/07\/DSCI0023.jpg?w=1920 1920w\" sizes=\"auto, (max-width: 640px) 100vw, 640px\" \/><\/a><p id=\"caption-attachment-1115\" class=\"wp-caption-text\">Hier soll der gute Martin Luther 1517 seine 95 Thesen an das Portal der Schlosskirche geschlagen haben &#8230; heute ein Denkmal (18.06.2012)<\/p><\/div>\n","protected":false},"excerpt":{"rendered":"<p>Kann das noch Zufall sein? &#8230; Erst gehe ich viel zu sp\u00e4t los &#8230; und dann kommt ein gewisser Christoph H\u00f6lzel nachts nur deshalb auf den Rasthof Fl\u00e4ming, um einen Kaffee zu kaufen &#8230; den braucht er nicht mehr, nachdem &hellip; <a href=\"http:\/\/billys-reisen.de\/?page_id=1110\">Weiterlesen <span class=\"meta-nav\">&rarr;<\/span><\/a><\/p>\n","protected":false},"author":2,"featured_media":0,"parent":0,"menu_order":0,"comment_status":"closed","ping_status":"closed","template":"","meta":{"footnotes":""},"class_list":["post-1110","page","type-page","status-publish","hentry"],"jetpack_sharing_enabled":true,"_links":{"self":[{"href":"http:\/\/billys-reisen.de\/index.php?rest_route=\/wp\/v2\/pages\/1110","targetHints":{"allow":["GET"]}}],"collection":[{"href":"http:\/\/billys-reisen.de\/index.php?rest_route=\/wp\/v2\/pages"}],"about":[{"href":"http:\/\/billys-reisen.de\/index.php?rest_route=\/wp\/v2\/types\/page"}],"author":[{"embeddable":true,"href":"http:\/\/billys-reisen.de\/index.php?rest_route=\/wp\/v2\/users\/2"}],"replies":[{"embeddable":true,"href":"http:\/\/billys-reisen.de\/index.php?rest_route=%2Fwp%2Fv2%2Fcomments&post=1110"}],"version-history":[{"count":5,"href":"http:\/\/billys-reisen.de\/index.php?rest_route=\/wp\/v2\/pages\/1110\/revisions"}],"predecessor-version":[{"id":1113,"href":"http:\/\/billys-reisen.de\/index.php?rest_route=\/wp\/v2\/pages\/1110\/revisions\/1113"}],"wp:attachment":[{"href":"http:\/\/billys-reisen.de\/index.php?rest_route=%2Fwp%2Fv2%2Fmedia&parent=1110"}],"curies":[{"name":"wp","href":"https:\/\/api.w.org\/{rel}","templated":true}]}}