{"id":1106,"date":"2012-07-01T02:09:28","date_gmt":"2012-07-01T01:09:28","guid":{"rendered":"http:\/\/billys-reisen.de\/?page_id=1106"},"modified":"2012-10-15T07:11:37","modified_gmt":"2012-10-15T06:11:37","slug":"billys-aktivitaten-versuch-einer-ubersicht","status":"publish","type":"page","link":"http:\/\/billys-reisen.de\/?page_id=1106","title":{"rendered":"Billys Aktivit\u00e4ten &#8211; Versuch einer \u00dcbersicht &#8230;"},"content":{"rendered":"<p>&nbsp;<\/p>\n<p><a title=\"Kronzeuge gegen die Feuerteufel\" href=\"http:\/\/billys-reisen.de\/?p=1612\"><span style=\"text-decoration: underline;\">Kronzeuge gegen die Feuerteufel (T\u00fcrkisch-syrische Grenze im August 2012)<\/span><\/a><\/p>\n<p><a title=\"Billy macht den \u00d6ger!\" href=\"http:\/\/billys-reisen.de\/?page_id=1672\"><span style=\"text-decoration: underline;\">Billy macht den \u00d6ger! (T\u00fcrkei \/ Syrien 2012)<\/span><\/a><\/p>\n<p><a title=\"Ist die Welt ein Irrenhaus?\" href=\"http:\/\/billys-reisen.de\/?page_id=1630\"><span style=\"text-decoration: underline;\">Ist die Welt ein Irrenhaus? (T\u00fcrkei im August 2012)<\/span><\/a><\/p>\n<p><a title=\"Als Holzf\u00e4ller in Wittenberg (Juni 2012)\" href=\"http:\/\/billys-reisen.de\/?page_id=1110\">Als Holzf\u00e4ller auf Luthers Spuren (Wittenberg im Juni 2012)<\/a><\/p>\n<p><a title=\"F\u00fchrerschein zum Reiten des Vogel-Strau\u00df (S\u00fcdafrika im September 2009)\" href=\"http:\/\/billys-reisen.de\/?page_id=1223\">F\u00fchrerschein zum Reiten des Vogel-Strau\u00df (S\u00fcdafrika im September 2009)<\/a><\/p>\n<p><a title=\"Goldsucher-Zertifikat (Mai 2009)\" href=\"http:\/\/billys-reisen.de\/?page_id=1227\">Goldsucher-Zertifikat (S\u00fcdafrika im Mai 2009)<\/a><\/p>\n","protected":false},"excerpt":{"rendered":"<p>&nbsp; Kronzeuge gegen die Feuerteufel (T\u00fcrkisch-syrische Grenze im August 2012) Billy macht den \u00d6ger! (T\u00fcrkei \/ Syrien 2012) Ist die Welt ein Irrenhaus? (T\u00fcrkei im August 2012) Als Holzf\u00e4ller auf Luthers Spuren (Wittenberg im Juni 2012) F\u00fchrerschein zum Reiten des &hellip; <a href=\"http:\/\/billys-reisen.de\/?page_id=1106\">Weiterlesen <span class=\"meta-nav\">&rarr;<\/span><\/a><\/p>\n","protected":false},"author":2,"featured_media":0,"parent":0,"menu_order":0,"comment_status":"closed","ping_status":"closed","template":"","meta":{"footnotes":""},"class_list":["post-1106","page","type-page","status-publish","hentry"],"jetpack_sharing_enabled":true,"_links":{"self":[{"href":"http:\/\/billys-reisen.de\/index.php?rest_route=\/wp\/v2\/pages\/1106","targetHints":{"allow":["GET"]}}],"collection":[{"href":"http:\/\/billys-reisen.de\/index.php?rest_route=\/wp\/v2\/pages"}],"about":[{"href":"http:\/\/billys-reisen.de\/index.php?rest_route=\/wp\/v2\/types\/page"}],"author":[{"embeddable":true,"href":"http:\/\/billys-reisen.de\/index.php?rest_route=\/wp\/v2\/users\/2"}],"replies":[{"embeddable":true,"href":"http:\/\/billys-reisen.de\/index.php?rest_route=%2Fwp%2Fv2%2Fcomments&post=1106"}],"version-history":[{"count":15,"href":"http:\/\/billys-reisen.de\/index.php?rest_route=\/wp\/v2\/pages\/1106\/revisions"}],"predecessor-version":[{"id":1679,"href":"http:\/\/billys-reisen.de\/index.php?rest_route=\/wp\/v2\/pages\/1106\/revisions\/1679"}],"wp:attachment":[{"href":"http:\/\/billys-reisen.de\/index.php?rest_route=%2Fwp%2Fv2%2Fmedia&parent=1106"}],"curies":[{"name":"wp","href":"https:\/\/api.w.org\/{rel}","templated":true}]}}